{"id":399,"date":"2024-04-22T23:02:18","date_gmt":"2024-04-22T21:02:18","guid":{"rendered":"https:\/\/mkzkeja.pl\/?page_id=399"},"modified":"2024-07-05T02:05:49","modified_gmt":"2024-07-05T00:05:49","slug":"edukacja-2","status":"publish","type":"page","link":"https:\/\/mkzkeja.pl\/?page_id=399","title":{"rendered":"Edukacja"},"content":{"rendered":"\n<div class=\"wp-block-cover is-light has-parallax\" style=\"min-height:430px;aspect-ratio:unset;\"><span aria-hidden=\"true\" class=\"wp-block-cover__background has-background-dim\" style=\"background-color:#FFF\"><\/span><div class=\"wp-block-cover__image-background wp-image-529 has-parallax\" style=\"background-position:50% 50%;background-image:url(http:\/\/mkzkeja.pl\/wp-content\/uploads\/2024\/04\/1.jpg)\"><\/div><div class=\"wp-block-cover__inner-container is-layout-constrained wp-block-cover-is-layout-constrained\">\n<p class=\"has-text-align-center has-large-font-size\"><\/p>\n<\/div><\/div>\n\n\n\n<hr class=\"wp-block-separator has-alpha-channel-opacity\"\/>\n\n\n\n<p>Z pasj\u0105 dzielimy si\u0119 naszym do\u015bwiadczeniem realizuj\u0105c statutowe aktywno\u015bci zwi\u0105zane z podnoszeniem wiedzy, \u015bwiadomo\u015bci i zasad dobrej praktyki \u017ceglarskiej. Nasza dzia\u0142alno\u015b\u0107 edukacyjna kierowana jest zar\u00f3wno do zupe\u0142nie pocz\u0105tkuj\u0105cych jak i tych os\u00f3b, kt\u00f3re ju\u017c co nieco na temat \u017ceglarstwa wiedz\u0105.<\/p>\n\n\n\n<p>Co roku realizujemy kursy: <\/p>\n\n\n\n<ol>\n<li>\u017beglarz jachtowy.<\/li>\n\n\n\n<li>Sternik motorowodny.<\/li>\n\n\n\n<li><a href=\"https:\/\/mkzkeja.pl\/?page_id=378\" data-type=\"link\" data-id=\"https:\/\/mkzkeja.pl\/?page_id=378\">Zaj\u0119cia \u017ceglarskie dla dzieci<\/a>.<\/li>\n<\/ol>\n\n\n\n<p>Plan na obecny 2024 rok jest w trakcie opracowania i b\u0119dzie umieszczony w tym miejscu. Je\u015bli ju\u017c&nbsp;teraz interesuje Ci\u0119 konkretny zakres zach\u0119camy do <a href=\"https:\/\/mkzkeja.pl\/?page_id=9\" data-type=\"link\" data-id=\"https:\/\/mkzkeja.pl\/?page_id=9\">kontaktu<\/a>.<\/p>\n\n\n\n<p>Edukacja \u017ceglarska stanowi r\u00f3wnie\u017c istotn\u0105&nbsp;element rozmaitych akcji organizowanych przez nasz Klub, o czym wi\u0119cej dowiesz si\u0119 odwiedzaj\u0105c <a href=\"https:\/\/mkzkeja.pl\/?page_id=423\" data-type=\"page\" data-id=\"423\">to miejsce<\/a>. <\/p>\n\n\n\n<p><\/p>\n\n\n\n<p><\/p>\n\n\n\n<p><\/p>\n","protected":false},"excerpt":{"rendered":"<p>Z pasj\u0105 dzielimy si\u0119 naszym do\u015bwiadczeniem realizuj\u0105c statutowe aktywno\u015bci zwi\u0105zane z podnoszeniem wiedzy, \u015bwiadomo\u015bci i zasad dobrej praktyki \u017ceglarskiej. Nasza dzia\u0142alno\u015b\u0107 edukacyjna kierowana jest zar\u00f3wno do zupe\u0142nie pocz\u0105tkuj\u0105cych jak i tych os\u00f3b, kt\u00f3re ju\u017c co nieco na temat \u017ceglarstwa wiedz\u0105. Co roku realizujemy kursy: Plan na obecny 2024 rok jest w trakcie opracowania i b\u0119dzie&hellip;&nbsp;<a href=\"https:\/\/mkzkeja.pl\/?page_id=399\" class=\"\" rel=\"bookmark\">Dowiedz si\u0119 wi\u0119cej &raquo;<span class=\"screen-reader-text\">Edukacja<\/span><\/a><\/p>\n","protected":false},"author":1,"featured_media":0,"parent":0,"menu_order":0,"comment_status":"closed","ping_status":"closed","template":"","meta":{"neve_meta_sidebar":"","neve_meta_container":"","neve_meta_enable_content_width":"","neve_meta_content_width":0,"neve_meta_title_alignment":"","neve_meta_author_avatar":"","neve_post_elements_order":"","neve_meta_disable_header":"","neve_meta_disable_footer":"","neve_meta_disable_title":"","_themeisle_gutenberg_block_has_review":false,"_ti_tpc_template_sync":false,"_ti_tpc_template_id":"","footnotes":""},"_links":{"self":[{"href":"https:\/\/mkzkeja.pl\/index.php?rest_route=\/wp\/v2\/pages\/399"}],"collection":[{"href":"https:\/\/mkzkeja.pl\/index.php?rest_route=\/wp\/v2\/pages"}],"about":[{"href":"https:\/\/mkzkeja.pl\/index.php?rest_route=\/wp\/v2\/types\/page"}],"author":[{"embeddable":true,"href":"https:\/\/mkzkeja.pl\/index.php?rest_route=\/wp\/v2\/users\/1"}],"replies":[{"embeddable":true,"href":"https:\/\/mkzkeja.pl\/index.php?rest_route=%2Fwp%2Fv2%2Fcomments&post=399"}],"version-history":[{"count":11,"href":"https:\/\/mkzkeja.pl\/index.php?rest_route=\/wp\/v2\/pages\/399\/revisions"}],"predecessor-version":[{"id":557,"href":"https:\/\/mkzkeja.pl\/index.php?rest_route=\/wp\/v2\/pages\/399\/revisions\/557"}],"wp:attachment":[{"href":"https:\/\/mkzkeja.pl\/index.php?rest_route=%2Fwp%2Fv2%2Fmedia&parent=399"}],"curies":[{"name":"wp","href":"https:\/\/api.w.org\/{rel}","templated":true}]}}